{"id":109,"date":"2018-01-09T05:47:45","date_gmt":"2018-01-09T05:47:45","guid":{"rendered":"https:\/\/demo.axlethemes.com\/education-mind-pro\/?page_id=109"},"modified":"2025-05-27T21:53:15","modified_gmt":"2025-05-27T21:53:15","slug":"transportation-facilities","status":"publish","type":"page","link":"https:\/\/cpacph.cl\/?page_id=109","title":{"rendered":"Rinc\u00f3n de la Calma en nivel infantil"},"content":{"rendered":"<p>Se implement\u00f3 un espacio destinado al desarrollo socioemocional de los m\u00e1s peque\u00f1os, con materiales sensoriales, cuentos y herramientas de autorregulaci\u00f3n emocional.<\/p>\n","protected":false},"excerpt":{"rendered":"<p>Se implement\u00f3 un espacio destinado al desarrollo socioemocional de los m\u00e1s peque\u00f1os, con materiales sensoriales, cuentos y herramientas de autorregulaci\u00f3n emocional.<\/p>\n","protected":false},"author":1,"featured_media":0,"parent":0,"menu_order":0,"comment_status":"closed","ping_status":"closed","template":"","meta":{"footnotes":""},"class_list":["post-109","page","type-page","status-publish","hentry"],"_links":{"self":[{"href":"https:\/\/cpacph.cl\/index.php?rest_route=\/wp\/v2\/pages\/109","targetHints":{"allow":["GET"]}}],"collection":[{"href":"https:\/\/cpacph.cl\/index.php?rest_route=\/wp\/v2\/pages"}],"about":[{"href":"https:\/\/cpacph.cl\/index.php?rest_route=\/wp\/v2\/types\/page"}],"author":[{"embeddable":true,"href":"https:\/\/cpacph.cl\/index.php?rest_route=\/wp\/v2\/users\/1"}],"replies":[{"embeddable":true,"href":"https:\/\/cpacph.cl\/index.php?rest_route=%2Fwp%2Fv2%2Fcomments&post=109"}],"version-history":[{"count":1,"href":"https:\/\/cpacph.cl\/index.php?rest_route=\/wp\/v2\/pages\/109\/revisions"}],"predecessor-version":[{"id":413,"href":"https:\/\/cpacph.cl\/index.php?rest_route=\/wp\/v2\/pages\/109\/revisions\/413"}],"wp:attachment":[{"href":"https:\/\/cpacph.cl\/index.php?rest_route=%2Fwp%2Fv2%2Fmedia&parent=109"}],"curies":[{"name":"wp","href":"https:\/\/api.w.org\/{rel}","templated":true}]}}